at is the remainder when 46996 is divided by 2598?
232
What is the remainder when 14219 is divided by 56?
51
What is the remainder when 3432 is divided by 3372?
60
What is the remainder when 2335 is divided by 801?
733
Calculate the remainder when 1653 is divided by 386.
109
What is the remainder when 3939 is divided by 4?
3
Calculate the remainder when 8873 is divided by 933.
476
Calculate the remainder when 364534 is divided by 20.
14
Calculate the remainder when 4226 is divided by 114.
8
Calculate the remainder when 42178 is divided by 111.
109
Calculate the remainder when 20603 is divided by 2295.
2243
Calculate the remainder when 4948 is divided by 301.
132
What is the remainder when 1528 is divided by 114?
46
What is the remainder when 97428 is divided by 9741?
18
What is the remainder when 28116 is divided by 375?
366
What is the remainder when 28729 is divided by 587?
553
Calculate the remainder when 3149 is divided by 75.
74
Calculate the remainder when 1504 is divided by 227.
142
What is the remainder when 29543 is divided by 166?
161
Calculate the remainder when 154862 is divided by 51594.
80
Calculate the remainder when 77001 is divided by 46.
43
Calculate the remainder when 39928 is divided by 1051.
1041
What is the remainder when 41918 is divided by 4656?
14
Calculate the remainder when 3824777 is divided by 398.
395
Calculate the remainder when 927 is divided by 303.
18
What is the remainder when 4378 is divided by 225?
103
What is the remainder when 90418 is divided by 330?
328
Calculate the remainder when 422179 is divided by 1682.
1679
What is the remainder when 2020 is divided by 980?
60
Calculate the remainder when 62856 is divided by 491.
8
Calculate the remainder when 51836 is divided by 64.
60
What is the remainder when 2824 is divided by 59?
51
Calculate the remainder when 2682 is divided by 395.
312
Calculate the remainder when 10682 is divided by 2119.
87
Calculate the remainder when 525596 is divided by 1460.
1456
Calculate the remainder when 18053 is divided by 1288.
21
Calculate the remainder when 25176 is divided by 2517.
6
What is the remainder when 16665 is divided by 584?
313
Calculate the remainder when 3436 is divided by 229.
1
What is the remainder when 192402 is divided by 192388?
14
Calculate the remainder when 13338 is divided by 13331.
7
Calculate the remainder when 2317 is divided by 844.
629
What is the remainder when 78809 is divided by 37?
36
Calculate the remainder when 360069 is divided by 75.
69
What is the remainder when 47458 is divided by 55?
48
What is the remainder when 38427 is divided by 12805?
12
What is the remainder when 2415 is divided by 189?
147
What is the remainder when 44295 is divided by 6?
3
Calculate the remainder when 4417 is divided by 534.
145
Calculate the remainder when 2571 is divided by 854.
9
Calculate the remainder when 243639 is divided by 10.
9
Calculate the remainder when 6928 is divided by 168.
40
Calculate the remainder when 3166 is divided by 36.
34
What is the remainder when 6090 is divided by 79?
7
Calculate the remainder when 1131 is divided by 316.
183
What is the remainder when 10091 is divided by 176?
59
Calculate the remainder when 71397 is divided by 105.
102
Calculate the remainder when 24214 is divided by 12103.
8
What is the remainder when 36430 is divided by 311?
43
Calculate the remainder when 2110 is divided by 534.
508
Calculate the remainder when 11364 is divided by 79.
67
Calculate the remainder when 83178 is divided by 119.
116
Calculate the remainder when 2037 is divided by 1016.
5
Calculate the remainder when 1498 is divided by 495.
13
Calculate the remainder when 595823 is divided by 583.
580
Calculate the remainder when 11718 is divided by 145.
118
What is the remainder when 416 is divided by 51?
8
What is the remainder when 222638 is divided by 4?
2
Calculate the remainder when 6366 is divided by 32.
30
What is the remainder when 400720 is divided by 58?
56
Calculate the remainder when 60478 is divided by 20.
18
What is the remainder when 600977 is divided by 287?
286
Calculate the remainder when 41534 is divided by 10368.
62
Calculate the remainder when 29201 is divided by 203.
172
What is the remainder when 21360 is divided by 71?
60
Calculate the remainder when 4706 is divided by 3.
2
What is the remainder when 933 is divided by 337?
259
Calculate the remainder when 3860 is divided by 1283.
11
What is the remainder when 485 is divided by 369?
116
Calculate the remainder when 122121 is divided by 61.
60
What is the remainder when 8923 is divided by 13?
5
What is the remainder when 57269 is divided by 57261?
8
What is the remainder when 5920 is divided by 81?
7
Calculate the remainder when 66995 is divided by 8374.
3
Calculate the remainder when 5084219 is divided by 13.
10
Calculate the remainder when 7017 is divided by 1156.
81
Calculate the remainder when 18756 is divided by 55.
1
What is the remainder when 150971 is divided by 43?
41
What is the remainder when 16052 is divided by 31?
25
What is the remainder when 1005 is divided by 482?
41
What is the remainder when 87575 is divided by 90?
5
What is the remainder when 34820 is divided by 53?
52
What is the remainder when 304760 is divided by 93?
92
Calculate the remainder when 496003 is divided by 17.
11
What is the remainder when 2419 is divided by 754?
157
Calculate the remainder when 18530 is divided by 59.
4
What is the remainder when 458682 is divided by 152891?
9
Calculate the remainder when 48668 is divided by 122.
112
Calculate the remainder when 3852 is divided by 746.
122
Calculate the remainder when 9278 is divided by 80.
78
Calculate the remainder when 12875 is divided by 114.
107
What is the remainder when 2435 is divided by 87?
86
Calculate the remainder when 3994 is divided by 1957.
80
Calculate the remainder when 797 is divided by 190.
37
Calculate the remainder when 46472 is divided by 554.
490
What is the remainder when 59670 is divided by 242?
138
Calculate the remainder when 27009 is divided by 9000.
9
Calculate the remainder when 597 is divided by 559.
38
What is the remainder when 100984 is divided by 108?
4
Calculate the remainder when 17138 is divided by 8448.
242
Calculate the remainder when 24121 is divided by 413.
167
What is the remainder when 3344 is divided by 770?
264
What is the remainder when 2811 is divided by 29?
27
What is the remainder when 9599 is divided by 157?
22
Calculate the remainder when 20448 is divided by 1464.
1416
What is the remainder when 119365 is divided by 6631?
7
What is the remainder when 22951 is divided by 2866?
23
Calculate the remainder when 17477 is divided by 583.
570
What is the remainder when 479428 is divided by 10896?
4
What is the remainder when 11183 is divided by 867?
779
Calculate the remainder when 1575 is divided by 90.
45
Calculate the remainder when 8336 is divided by 2697.
245
Calculate the remainder when 11410 is divided by 165.
25
Calculate the remainder when 30533 is divided by 30425.
108
Calculate the remainder when 23991 is divided by 4.
3
What is the remainder when 1359 is divided by 133?
29
Calculate the remainder when 3191 is divided by 456.
455
Calculate the remainder when 24521 is divided by 53.
35
What is the remainder when 2480 is divided by 827?
826
What is the remainder when 6382 is divided by 3180?
22
What is the remainder when 71652 is divided by 7961?
3
What is the remainder when 6096 is divided by 1616?
1248
Calculate the remainder when 959900 is divided by 6.
2
What is the remainder when 22369 is divided by 2032?
17
Calculate the remainder when 2280277 is divided by 119.
118
Calculate the remainder when 25835 is divided by 3689.
12
What is the remainder when 83417 is divided by 42?
5
Calculate the remainder when 2035 is divided by 85.
80
Calculate the remainder when 59292 is divided by 534.
18
Calculate the remainder when 1141 is divided by 58.
39
What is the remainder when 4835 is divided by 967?
0
What is the remainder when 7462 is divided by 1478?
72
Calculate the remainder when 321243 is divided by 22.
21
Calculate the remainder when 4721 is divided by 1557.
50
What is the remainder when 24223 is divided by 185?
173
What is the remainder when 156829 is divided by 13068?
13
Calculate th